11 and 7.
7
Calculate the greatest common divisor of 270192 and 1872.
624
What is the greatest common divisor of 414 and 24081?
69
What is the greatest common factor of 567309 and 1524?
381
Calculate the greatest common divisor of 45 and 75015.
45
What is the greatest common divisor of 9 and 253206?
9
Calculate the greatest common factor of 20784 and 96.
48
What is the highest common divisor of 320207 and 6859?
361
What is the greatest common divisor of 17445 and 5625?
15
Calculate the highest common factor of 16384 and 36352.
512
What is the highest common factor of 58 and 85898?
58
Calculate the greatest common divisor of 588 and 201292.
196
Calculate the highest common divisor of 5340 and 4870.
10
Calculate the greatest common factor of 42 and 42322.
14
What is the greatest common factor of 196048 and 64?
16
What is the greatest common factor of 256 and 1182976?
256
Calculate the greatest common divisor of 14881 and 46.
23
Calculate the highest common divisor of 12225788 and 92.
92
Calculate the highest common factor of 8 and 50104.
8
What is the highest common divisor of 32266 and 68?
34
Calculate the greatest common divisor of 44206 and 12121.
713
What is the highest common divisor of 42398 and 467840?
1462
Calculate the highest common divisor of 96515 and 970.
485
What is the highest common divisor of 3003 and 451?
11
Calculate the greatest common factor of 1043 and 707.
7
What is the greatest common divisor of 79 and 1663?
1
What is the greatest common factor of 335 and 18538565?
335
What is the greatest common divisor of 261 and 303427?
29
Calculate the greatest common factor of 74 and 874051.
37
What is the greatest common factor of 5623952 and 48?
16
What is the highest common factor of 483 and 3864?
483
Calculate the highest common divisor of 136 and 644912.
136
Calculate the highest common divisor of 573 and 265299.
573
What is the greatest common factor of 644 and 31487?
23
Calculate the highest common divisor of 45130 and 5.
5
What is the highest common factor of 145083 and 9453?
411
Calculate the highest common divisor of 129540 and 272.
68
What is the highest common divisor of 157396 and 13952?
436
What is the greatest common divisor of 45 and 146241?
9
What is the greatest common divisor of 1100 and 365?
5
Calculate the greatest common factor of 17301 and 237.
237
What is the highest common factor of 35874 and 36?
18
Calculate the greatest common factor of 427 and 49.
7
What is the greatest common factor of 325 and 4537?
13
Calculate the greatest common factor of 132 and 6803907.
33
Calculate the greatest common divisor of 118582 and 20256.
422
Calculate the highest common divisor of 1106 and 56.
14
Calculate the highest common factor of 99822 and 8646.
786
What is the highest common factor of 358 and 459493?
179
What is the greatest common factor of 1100 and 200?
100
What is the highest common divisor of 5616 and 332208?
432
Calculate the greatest common divisor of 90125 and 15965.
515
Calculate the highest common factor of 371 and 126617.
53
Calculate the highest common factor of 408 and 4828.
68
Calculate the greatest common divisor of 20648 and 40406.
178
Calculate the greatest common divisor of 798 and 62358.
114
Calculate the highest common divisor of 7070 and 3010.
70
What is the greatest common divisor of 50 and 4675?
25
Calculate the highest common factor of 2440 and 12.
4
What is the greatest common divisor of 2795 and 1849?
43
Calculate the greatest common divisor of 82 and 1646.
2
What is the greatest common divisor of 1320 and 930840?
120
What is the highest common divisor of 11 and 33414?
1
What is the greatest common factor of 3039 and 1441499?
1013
Calculate the highest common factor of 1227 and 120.
3
Calculate the greatest common factor of 16 and 44856.
8
What is the greatest common divisor of 244 and 1393362?
122
What is the greatest common divisor of 143 and 265343?
13
Calculate the highest common factor of 35397 and 162.
81
What is the highest common factor of 12 and 18272?
4
Calculate the greatest common factor of 1273 and 2274851.
1273
What is the highest common divisor of 59653 and 45254?
2057
Calculate the highest common factor of 385 and 900515.
385
Calculate the greatest common factor of 92 and 2438.
46
Calculate the highest common divisor of 3632 and 2183740.
908
What is the highest common factor of 594 and 504603?
297
Calculate the highest common factor of 42029 and 1911.
13
What is the highest common factor of 14 and 53452?
14
What is the greatest common factor of 3283 and 144158?
49
What is the highest common divisor of 21710 and 416?
26
Calculate the greatest common divisor of 176 and 4712.
8
Calculate the highest common factor of 1330272 and 12.
12
Calculate the highest common divisor of 1360 and 51.
17
Calculate the highest common divisor of 13 and 27079.
13
Calculate the highest common factor of 224 and 8576.
32
What is the greatest common factor of 312 and 16068?
156
What is the highest common factor of 2663 and 12?
1
What is the highest common divisor of 1148 and 144484?
164
Calculate the greatest common divisor of 182647 and 19.
19
Calculate the highest common factor of 20 and 1383940.
20
What is the greatest common factor of 1874 and 673703?
937
What is the highest common divisor of 17982 and 312687?
999
Calculate the highest common factor of 5648 and 400.
16
Calculate the highest common divisor of 357 and 399.
21
What is the greatest common factor of 1548 and 1849?
43
What is the greatest common divisor of 192 and 15000?
24
Calculate the highest common factor of 1668751 and 266.
133
Calculate the greatest common factor of 1426005 and 1006.
503
What is the greatest common divisor of 9001540 and 20?
20
What is the greatest common divisor of 1379 and 9436?
7
Calculate the greatest common factor of 500540 and 400.
20
What is the greatest common divisor of 506 and 6402?
22
What is the highest common factor of 1288398 and 12?
6
Calculate the highest common divisor of 616 and 1341186.
154
Calculate the greatest common divisor of 52 and 1183780.
52
Calculate the greatest common factor of 122 and 66002.
122
What is the highest common factor of 33 and 11046?
3
What is the greatest common divisor of 1625507 and 247?
247
What is the greatest common factor of 24 and 203256?
24
Calculate the highest common factor of 8208 and 5168.
304
Calculate the greatest common factor of 16224 and 669747.
507
Calculate the greatest common divisor of 579 and 130661.
193
What is the highest common divisor of 27777 and 7473?
141
Calculate the highest common factor of 4970 and 266.
14
Calculate the highest common factor of 828121 and 1666.
119
What is the greatest common divisor of 92884 and 209?
11
What is the greatest common factor of 184 and 28936?
8
Calculate the highest common divisor of 1993340 and 20.
20
Calculate the highest common factor of 2168 and 39566.
542
Calculate the highest common factor of 78937 and 193.
193
Calculate the highest common divisor of 21607 and 574.
41
What is the highest common divisor of 380 and 91200?
380
Calculate the greatest common divisor of 112 and 124649.
7
What is the greatest common factor of 1 and 12310?
1
What is the highest common divisor of 2 and 543034?
2
What is the highest common divisor of 6372 and 1161?
27
Calculate the greatest common divisor of 600970 and 190.
190
What is the highest common factor of 225920 and 1640?
40
Calculate the highest common factor of 16590 and 27426.
42
What is the greatest common divisor of 156 and 262002?
78
Calculate the highest common factor of 14859 and 109044.
117
Calculate the highest common divisor of 16692 and 390.
78
What is the highest common divisor of 76084 and 276?
92
What is the greatest common divisor of 177 and 873?
3
Calculate the highest common factor of 291236 and 396.
44
Calculate the greatest common divisor of 226 and 1480187.
113
What is the highest common factor of 14168 and 2783?
253
Calculate the highest common factor of 142912 and 434304.
1856
Calculate the highest common factor of 15799 and 154.
7
Calculate the greatest common divisor of 246760 and 248.
248
What is the greatest common divisor of 120549 and 165?
33
Calculate the highest common factor of 50 and 2110075.
25
What is the greatest common divisor of 